9))?
-138
What is the value of (21 - (-3 + 14 + -3)) + (154 - 60) + -5?
102
Calculate (-50 - (-18 + -12)) + 8 + -50.
-62
What is (29 - 8) + 4 + (234 - 248)?
11
Evaluate 5 + -37 + 13 + (-5 - 11).
-35
Calculate (-1 - -56) + (483 - (423 - -13)).
102
36 + (-1 - -4) + (-5019 - -4981)
1
Evaluate 0 + (-1 - 55) - (45 + (-178 - -139)).
-62
What is -21 + 30 - -5 - (-107 - 10)?
131
What is the value of -297 + 380 - (-4 + 114)?
-27
What is the value of 33 - (-19 + 48 + -17 - -1)?
20
24 - (10 + 13 - 10)
11
-107 + 98 - ((3 - (-3 - (0 + 0))) + -10)
-5
Evaluate -60 - (-77 - 10) - -39.
66
(0 - (-40 - (3 - 8))) + (-7 - (34 + -33))
27
What is the value of (1 + -33 + 15 - (-2 + 0 + 1)) + -9?
-25
What is (-312 + 296 - (0 - 1)) + 2?
-13
Evaluate 10 + (104 - 123 - (8 + 0)).
-17
What is -5 - (-110 - -6) - (-1158 - -1133)?
124
13 + -11 + 37 + (17 - 54)
2
What is -59 - (-98 + 33) - 4?
2
Evaluate 5 + -9 + -10 - (-1602 - -1582) - (-19 + 1).
24
-13456 + 13316 + (2 - -101)
-37
What is the value of -8 + 7 + 17 + 6 + -22?
0
What is the value of (0 - (-5 + -114)) + -105 + (190 - 73)?
131
Calculate 21 - (10 - (27 - (4 + 0))).
34
Calculate -4 - 17 - (-27 - (-18 + 2)) - -38.
28
What is -2 + -81 - (6510 + -6509)?
-84
Evaluate 6 - -5 - (123 + -142).
30
Calculate 15 + (-19 - -12) + -2 + -17 + 11 + -3.
-3
Calculate 61 + (-1 - -4) + (32 - (11 - -5) - 11).
69
Calculate (-7 - 4) + 8 + 27.
24
What is 10 - (-3 + 2) - (-979 - -994 - (-2 - -17))?
11
1 + 5 + -9 - (0 - 11 - 18 - -10)
16
Calculate (17 - (34 - 5)) + 3 - -63 - (-11 - -1).
64
What is -9 + (1 + 60 + 2 - (142 + -143)) + -7?
48
Calculate (-47 - -38) + (3 - 12) + (7 - 6).
-17
Calculate -43 - -2 - (17 - (0 - (-35 - -16)) - -9).
-48
Calculate (-5 + -4 - (66 + -51)) + -15.
-39
Calculate (6 - (23 + -2)) + 13 + -15 - -14.
-3
What is 186 + -130 + (-2 - (4 - 0))?
50
Evaluate -10 + -25 + 30 + -26.
-31
Evaluate 26 - 0 - (142 + -123).
7
What is 26 - (-11 + -8 + 90)?
-45
What is the value of -7 + -33 + 19 + 33?
12
What is 1 + -14 + 11 - (-9 - (-14 + 71))?
64
What is the value of 0 - -2 - (-26 - (47 - 85))?
-10
What is -7 + -4 - (1 - -2 - (-2 - -2 - -23))?
9
Calculate (-17 - 16) + -10 + 29 - (2 - -13).
-29
(0 - 1) + -8 - (-89 + -42 + 83)
39
What is the value of (-28 - -6) + (-28 - ((16 - -6) + -137))?
65
What is the value of -16 + (19 - (22 + 7 + 5))?
-31
-96 + 101 - (3 + -102 + -4 + 3)
105
Evaluate 129 + (783 - 765 - (1 - -29)).
117
Evaluate -27 - (46 - 16) - -57.
0
What is 123 + (-43 - 60) + -120?
-100
Calculate 12 - (3 + 1 + 18 - 23).
13
Calculate 68 - -1 - (-49 - ((-54 - -67) + -56)).
75
What is -7 + 85 + 221 + -263 + 21?
57
Evaluate -11 + 29 + -1 + -1 + -1.
15
-13 + -3 + (-9 - (-22 + 10 - 5))
-8
Calculate 2 - 3 - (-299 + 222).
76
What is the value of (14 - -2 - 8) + 5 + -14 - 45?
-46
(-2 - 11 - -1) + (25 - -29 - (23 + 2))
17
Evaluate (-1 - (-48 + 21)) + 13 + -11 - (-1 - -2).
27
Evaluate (10 - 52) + (40 - -57).
55
(-79 - (-31 + -53)) + (139 - 5 - 0)
139
What is -57 + 42 - (7 - 33) - (2 + 0)?
9
-5 + 27 + (-24 - -153) + -30
121
What is the value of -206 - -203 - (-1 + 19 - (-18 + 15 - -7))?
-17
What is 45 - (5 - (-3 - -8) - 1 - (119 + -133))?
32
What is the value of -32 + 9 + 6 + -4 + -15?
-36
14 + (26 + 5 - 53) - 12
-20
What is the value of (230 - 226 - (1 - (0 + -2))) + 25 + -53?
-27
Calculate (40 - -3) + -30 - (6 + -6 - -1).
12
What is the value of -143 - (-358 - -44) - 104?
67
-48 + (109 - -26) + -1 + 8 - -7
101
What is 40 + (18 - 63) - (-15 + -5)?
15
What is the value of (-4 - 35) + (-58 + 139 - 3)?
39
What is the value of -17 - (72 - (43 + -35))?
-81
Evaluate (-10 - -10) + (1153 - 1083) + 0 + -1 + 1.
70
Calculate (10 - 8) + -3 + -9 - (-19 - -20 - 60).
49
Evaluate (74 - 7 - 4) + (2 - (10 + (10 - 23))).
68
Calculate 1 + (0 - 8) + -73 + (12 + -15 - 6).
-89
What is the value of 19 + (3 - (2 - (-13 - (-8 + 6))))?
9
What is the value of 23 + -31 + (-1 - -43)?
34
Calculate -15 - (16 + -3 - 1 - (1445 - 1411)).
7
What is the value of -37 + 68 + -133 + 103?
1
Calculate 20 + 0 + (-1936 - -1899).
-17
Calculate 8 + -2 + 32 - (26 + -8).
20
Calculate (8 - 1) + (-50 - (-3 + 11 - 8) - -1).
-42
What is the value of 8 + 14 - (0 - (-8 + (-6 - -17)))?
25
What is (52 + -12 - 2) + 9 + (12 - 3)?
56
What is the value of 155 + -97 + -20 + 0 + 71?
109
Calculate (5086 - 5052) + 1 + -29.
6
Calculate 0 + -27 - (-202 + 209).
-34
What is the value of -380 + 400 - (3 - 52)?
69
4 + 14 - (297 - 267)
-12
89 + -108 + 74 + -57
-2
What is -28 + (18 - 10) - (-192 - -153)?
19
Calculate (-1 + (-2 - (-11 + 4)) - 0) + (102 - 107).
-1
Evaluate 28 - -2 - (99 + -68).
-1
What is 2183 + -2225 + (1 + 1 - 0 - -11)?
-29
23 + 25 + (129 - 86) + -1 + -16
74
Evaluate (-107 - -38) + 131 + -129.
-67
Calculate (28 - (-12 - (15 - 42)) - 24) + 46.
35
Calculate 15 - (-29 + (37 - -17) + -98 + 1).
87
Calculate (-13187 - -13225) + (40 - (1 + 1)).
76
What is -1 + -59 + 1 - (-24 - 0)?
-35
What is -8 + 3 + 2 + (1 - (22 - 19)) - 80?
-85
Calculate (1080 - 1077) + (2 - 15 - 2) - (13 - 6).
-19
Calculate -12 - -28 - (1 - -2) - (-8 - 2).
23
Calculate 0 + -41 - (-13 - (8 + -22 + 10)).
-32
What is the value of -1 + 30 - (4990 - 4981)?
20
0 + -79 - (-15 - (30 + -67 - -29))
-72
What is (-6 - (-58 + -7)) + (11 - -2 - 7)?
65
Evaluate -80 + (23 - 21 - 8) + -16.
-102
What is the value of 11 + 17 + (2 - 3) + -156 + 135?
6
What is the value of (-4 - ((26 - 24) + 14)) + (-7 + 11 - 2)?
-18
What is 220 + -220 - (6 - 24) - (0 - 0)?
18
18 - (21 - (32 + 15))
44
-54 + 3 - -52 - 14
-13
What is -63 + (-40 - -59) + 44?
0
What is the value of (-35 - 74) + 45 - -32?
-32
(101 - 27) + -23 - -28 - (3 - 1)
77
(-91 - (28 - (62 + -24))) + 5 + -30
-106
Evaluate -16 - (-32 + -25) - (7 + -3 + 1).
36
Evaluate -58 - (-18 + -23) - (3 - 42).
22
Calculate -82 - (-48 - -99 - 136).
3
What is the value of (110 - (-63 + 98)) + -144?
-69
Evaluate -57 - (-171 - (-83 + 27)).
58
Calculate -11 + (20 - 0) + -27 + 2 + 27 + -25.
-14
Calculate (-6 + -4 - 4) + (-71 - -51).
-34
-16 - (-79 - (-14 + -94))
-45
(67 - (-16 + 47 + -15 + -20)) + -12
59
8 + 2 + (122 - 119) - (0 - -48)
-35
What is -4 + 1 + -23 - (22 + (-30 - (-3 + -10)))?
-31
Evaluate -6 + (-90 - -91) + (-3 - -4) + 43.
39
Evaluate (-2 - -14) + 18 + -164 + 113.
-21
What is the value of (7 - -4) + (35 + -70 - (-11 - 4))?
-9
What is -23 - (27 - (7 + 61))?
18
What is the value of -174 - (-21 - (-75 - -130))?
-98
Calculate -346 + (175 - -59) - (30 - 1).
-141
What is 8 + 10 + -8 + 0 + (-64 - -2) + -7?
-59
What is (1 - -68) + (-34 - -80) + -85?
30
Evaluate (2 + -3 + 10 - 8 - 9) + 5.
-3
Evaluate (5 - -6) + -285 + 281.
7
Calculate (-3139 - -3177 - (0 + -36)) + (-2 - -1) + 4.
77
Evaluate -4 + 0 + (-4 - -44 - 74) + 120.
82
Evaluate 99 - (11 + -11 + -5 + 11) - -21.
114
What is -11 - (-238 + 147) - -17?
97
1 - 4 - (247 - 448 - -202)
-4
Calculate 10 + 29 + (-139 - -142).
42
What is 0 - ((4 + -13 + 2 - -1) + -52)?
58
-3 - -97 - (-678 - -752)
20
1 - -17 - (-26 - -109 - 17)
-48
What is the value of 16 + (13 + -17 + 23 - 12) + -12?
11
(-24 - -17) + -4 + -61 - -17
-55
53 + (7 - 3 - (-4 + (18 - 10))) + 9
62
What is (-9 - (-37 + (3 + 9 - 1))) + 56?
73
Evaluate 29 + (80 - 2) - 17.
90
What is (4 - (-1 - -5)) + 9 + 1029 + -1013?
25
Calculate -27 + (-6 - 29) + 27.
-35
What is (-10 - (50 + -53)) + (-76 - -8)?
-75
Evaluate -14005 + 13969 + 16 + -1.
-21
Evaluate (-6 - 46 - (1 + 13)) + -2 - 13.
-81
Calculate -134 + 21 + 44 + 31.
-38
Evaluate (-1470 - -1492) + -2 + -64.
-44
What is 32 + -14 + (7 + -23 - 12)?
-10
55 - (-281 - -296 - ((-3 - -6) + 3))
46
Calculate -2 - (-3 + 0 + 0) - (4 + 4) - 10.
-17
What is (-172 - -51 - -39) + 42?
-40
-13 + ((-12 - -3) + 4 - -3) + (147 - 152)
-20
-8 + -41 + -3 + 54
2
Calculate -14 - (18 - ((6 - -6 - -48) + -5)).
23
Calculate -55 + (27 - (24 - (-20 + 40))).
-32
13 + (-2 - 2) - (14 + -27 + 1)
21
(11 - (17 + -9 - -48)) + 0 + -2
-47
1950 - 1784 - (-2 - -321)
-153
What is the value of -89 + (-16 - -6) + 1 + 26?
-72
(-41 + 23 - -5) + 32 + -29 + (-15 - -1)
-24
What is the value of -64 + 40 + 50 + -105?
-79
What is -50 + -2 + 2 + -4412 + 4405?
-57
Calculate (47 - 79 - -102) + (-9 - -9).
70
Calculate (-32 - (-14 + 8)) + -61 + 59.
-28
Calculate (61 + -95 - -21) + -7 + -3.
-23
Evaluate (-1 - -1) + -5 + -6 - (139 - 147).
-3
-24 + -2 - (-155 + 99 - -146)
-116
What is 1 - 4 - (15 - (33 - -6 - 15))?
6
What 